f**3 + 7*f**2 + 14*f. Let x be d(10). Let p = x + 264. Calculate the highest common divisor of 26 and p.
26
Let p = -8 + 10. Suppose 2*z - 4 - p = 0. Suppose 0 = z*u - 51. Calculate the highest common factor of u and 187.
17
Let q be 40/50*220/8. Calculate the greatest common factor of q and 891.
11
Suppose 180 = 4*p + 2*z, -2*p - z = 2*z - 90. What is the highest common factor of 72 and p?
9
Suppose -3*b + 2 + 4 = 0. Let v = 0 + b. Suppose -2*i = -v - 8. Calculate the greatest common divisor of 25 and i.
5
Let x be 125 + 1 - (11 + -13). What is the highest common factor of x and 224?
32
Let w(r) = r**2 + 11*r + 3. Let n be w(11). Calculate the greatest common divisor of n and 343.
49
Suppose 0 = 11*r - 22*r + 66. What is the greatest common divisor of 12 and r?
6
Suppose -3*d + 919 = -407. What is the greatest common factor of d and 26?
26
Let w = -540 - -624. What is the greatest common factor of 112 and w?
28
Suppose 0 = 24*n - 3542 + 950. What is the highest common divisor of 12 and n?
12
Suppose 5*s - 2*t + 0*t - 21 = 0, 3*s + 5*t + 6 = 0. Suppose s*u - 8*u = -190. Calculate the greatest common factor of u and 38.
38
Let j(p) = 5*p**2 + 30*p + 29. Let d be j(-6). Calculate the highest common factor of 1 and d.
1
Suppose -i + 93 = 2*w, 8*i + 4*w + 81 = 9*i. Calculate the highest common factor of 1 and i.
1
Let j = 97 + -51. Suppose 5*x - 146 + j = 0. What is the highest common divisor of x and 8?
4
Suppose 24 + 36 = -5*c. Let x = c - -35. Calculate the greatest common divisor of 46 and x.
23
Suppose 3*k - 7*k + 8 = 0, 302 = -3*t - 5*k. Let v = 147 + t. Suppose -5*f + 15 = s, -4*s + f = -17 - v. Calculate the greatest common factor of s and 45.
15
Let h = 73 - 28. Let u be (-66)/(-22) - -2*1. Calculate the greatest common divisor of h and u.
5
Suppose 4*r - u = 44 + 27, 5*r + u - 91 = 0. Let x = -1 - -3. Let j be 1/(-1 + x) - -125. Calculate the greatest common factor of r and j.
18
Let n(m) be the third derivative of m**6/120 + m**5/5 - 2*m**4/3 - 10*m**3/3 - 23*m**2. Let r be n(-13). Calculate the greatest common divisor of r and 247.
19
Let r(s) = 2*s - 6. Let p be r(5). Suppose -2*a - 66 = -p*c, -2*c + 3*c = -3*a + 6. What is the highest common factor of c and 15?
15
Suppose -5*y + 1894 = -3*b, 3*y - 6*b = -b + 1146. What is the greatest common divisor of 91 and y?
13
Let r(j) be the second derivative of -21*j**5/20 + j**4/6 - j**2/2 - 2*j. Let x be r(-1). Let o = -184 + 195. What is the greatest common factor of o and x?
11
Let k = -292 + 572. Let i be ((-7)/(70/12))/(9/(-300)). What is the greatest common factor of i and k?
40
Let d(a) = -a**2 - 46*a + 55. Let s be d(-24). What is the highest common divisor of 53 and s?
53
Let h = 5 + -13. Let u = 16 + h. Let s be 20*((-4)/2)/(-2). What is the greatest common divisor of s and u?
4
Let f be (-12)/15 - (-1)/(-5). Let z = 1 - f. Suppose -37 - 35 = -z*w. Calculate the greatest common factor of w and 4.
4
Suppose 0 = 5*t + 330 - 970. Calculate the greatest common factor of 4 and t.
4
Let k be ((-3)/(-15) - (-19)/5) + 344. Suppose 0 = -16*t + k + 68. What is the highest common divisor of t and 65?
13
Suppose 5*h + 21 = -9. Let z be ((-8)/5)/(-2*h/(-180)). Calculate the highest common factor of 60 and z.
12
Let k = -1624 - -1728. Calculate the highest common divisor of k and 56.
8
Suppose 0 = -4*c + 146 + 50. What is the greatest common divisor of c and 49?
49
Let x = 115 - 51. Calculate the greatest common factor of 448 and x.
64
Suppose 256 = z + 7*z. Suppose -19*d + 15*d = -z. Let y(g) = -g - 1. Let l be y(-9). What is the highest common factor of l and d?
8
Suppose 136 + 236 = 12*f. Let v be (-2)/4*-2 - 1. Suppose 242 = 4*a - v*a + 3*p, 126 = 2*a - p. Calculate the highest common divisor of a and f.
31
Suppose 5*x + 5*d = 55, 0 = 3*x - 3*d - 8 - 19. Let y be 44/20*x/(-4)*-16. What is the highest common factor of y and 8?
8
Let l(s) = 4*s**2 + 6*s - 24. Let r be l(-7). What is the greatest common factor of 260 and r?
130
Suppose -5*o - 5*a + 2*a + 35 = 0, 3*a = 4*o - 1. Let w be (-10)/(-5) + (2 - 0). Calculate the highest common divisor of o and w.
4
Let a(g) = -14*g**3 - g**2. Let c be a(1). Let j be -3*(-4)/(-30) + (-66)/c. What is the greatest common divisor of j and 56?
4
Suppose -33*w + 21*w + 522 = 90. Suppose 0 = 4*f - 40 - 320. What is the highest common divisor of w and f?
18
Let g = -41 + 47. Suppose -3*z - g = s, 5*s - 22 = 2*s - z. What is the greatest common divisor of 9 and s?
9
Suppose -3*m + 15 = 0, 9*y - 13*y + 142 = -2*m. Suppose k - 760 = -3*k. Calculate the highest common factor of k and y.
38
Let u be 2 - 39/(-3) - (-3 + 2). Let b be 6 + -2*(-1 + 0). Calculate the greatest common divisor of b and u.
8
Let o = -1119 - -1324. Calculate the greatest common factor of 123 and o.
41
Let q be ((-9 + 2)/(-21))/((-2)/(-78)). Let y = 568 + -399. Calculate the greatest common factor of y and q.
13
Suppose 3*f - i + 3*i = -12, 2*f + 3*i = -13. Let z be f - (-17 + 2 + 1). Let o = 31 + -19. Calculate the highest common divisor of z and o.
12
Suppose -2280 = -45*y + 15*y. Calculate the greatest common divisor of 133 and y.
19
Suppose 4*t + 5*b = 2920, 37 = 5*t + 3*b - 3613. Let g be (-1)/2 - t/(-20). What is the greatest common factor of g and 54?
18
Let i be ((-18)/(-6))/(-1)*-9. What is the greatest common factor of i and 216?
27
Suppose l = -l + 4. Let i(z) = 2*z - 3*z - z - 1 - 10*z**l + z**3 + 2*z**2. Let h be i(9). Calculate the greatest common factor of 31 and h.
31
Let t(z) = 3*z + 6. Suppose 48 = 4*s - 24. Let q be t(s). Calculate the greatest common factor of 15 and q.
15
Let j(f) = -f**2 - 3*f. Let s be j(5). Let u(z) = -z**3 - 5*z**2 - 7. Let l be u(-5). Let p = l - s. Calculate the highest common factor of p and 22.
11
Let l = -137 - -262. Let f = 161 + -136. Calculate the highest common divisor of l and f.
25
Let w(v) = v**3 - 5*v**2 + 5*v - 4. Let l be w(4). Suppose l*c - c = -23. Suppose -3*j + 111 + 27 = 0. What is the greatest common divisor of c and j?
23
Let r(k) = k**3 - 8*k**2 - 7*k + 5. Suppose 166*s - 171*s + 45 = 0. Let x be r(s). Calculate the highest common divisor of 161 and x.
23
Let k(z) = -17*z + 161. Let n be k(9). Calculate the greatest common divisor of 472 and n.
8
Let k(a) = -2*a - 24. Let q(w) = -w. Let y(f) = -k(f) + 3*q(f). Let i be y(12). Calculate the greatest common divisor of i and 30.
6
Let h = 184 + -131. Let a = h + -26. Calculate the greatest common factor of a and 3.
3
Suppose -g + 4 - 19 = 5*v, -3 = g + 2*v. Let c = -2 + g. Let x be 2 + 0 - 2 - -12. Calculate the greatest common factor of x and c.
3
Suppose -85 = -123*i + 122*i. Calculate the greatest common factor of i and 5.
5
Suppose 6*d = 51*d - 6210. Calculate the highest common divisor of d and 92.
46
Let s be (0 + 18)/((-33)/(-88)). Calculate the highest common factor of 6 and s.
6
Let j = -76 + 104. Calculate the greatest common factor of j and 224.
28
Let z(w) = w**2 - 3*w - 6. Suppose 0 = 3*g - 3 - 18. Suppose -y - 18 = -4*k + 7, 2*k + 5*y = g. Let p be z(k). What is the highest common factor of 8 and p?
4
Let c(l) = 2*l**3 + l**2 + l. Let h(r) = 9*r**3 + 3*r**2 + 16*r - 6. Let d(f) = 5*c(f) - h(f). Let n be d(3). Calculate the highest common divisor of 30 and n.
6
Suppose 0 = 3*a + 2*a + 4*r - 180, -r - 125 = -3*a. Let q = a - 22. Calculate the greatest common factor of q and 12.
6
Let k(i) = -8*i**3 + 5*i**2 - 4. Let u be k(-2). What is the greatest common factor of 144 and u?
16
Let o = 4846 + -4792. Let t(u) = u**3 - 6*u**2 - 3*u + 8. Let r be t(7). What is the highest common divisor of r and o?
18
Suppose 3*a = -2*a + 80. Suppose a + 83 = 9*n. What is the highest common factor of n and 55?
11
Suppose 3*l + 1846 = 8*l - 3*x, 0 = 3*l - x - 1106. Calculate the greatest common divisor of l and 23.
23
Suppose -3*i - 3*z = -2412, 1613 = i + i + z. Let g = -545 + i. Calculate the highest common divisor of g and 24.
24
Suppose -2*u + u = 2*z - 2, 4*u + 5*z - 5 = 0. Suppose 5*k - 6*k + 2 = u. Suppose 0 = k*f - 3 - 1. What is the greatest common divisor of f and 6?
2
Let j = 225 + -155. What is the highest common divisor of j and 35?
35
Let r(z) be the first derivative of -11*z**3/3 + z**2 - 5. Let v be r(2). Let y be (-3)/2*v/12. Calculate the greatest common factor of y an